402 - -908. Let z = -286 - t. What is the highest common factor of 52 and z?
52
Suppose -122 = -5*y + 133. Suppose -5*b + k + 617 = -152, -2*k - 8 = 0. What is the highest common factor of y and b?
51
Let x be (-1)/((-2202)/(-552) - 4). Suppose -5*c + 97 = x. Calculate the highest common factor of c and 8.
1
Let b(u) = -u**2 + 8*u - 18. Suppose -10*c + 13 + 67 = 0. Let i be b(c). Let t be (-4 - (-33)/9)*i - 3. What is the highest common divisor of 27 and t?
3
Suppose 5 = 2*x - 9*z + 10*z, 2*z = 4*x - 6. Suppose -2*c + 0*n = 4*n - 90, x*c - n - 115 = 0. Calculate the highest common factor of c and 275.
55
Let d(n) = 4*n - 6. Let r(j) = 6 - 3 - 2*j + 0 - 2*j. Let f be r(-1). Let x be d(f). What is the greatest common divisor of 55 and x?
11
Suppose -96*s - 381*s + 22440 = -103*s. What is the highest common divisor of 516 and s?
12
Suppose 3*n - 1075 = -14*j + 15*j, j = -5*n + 1781. Calculate the highest common factor of n and 3060.
51
Suppose -74494 + 828 - 230974 = -32*q. Calculate the highest common divisor of 40 and q.
40
Let i(d) = d**2 - 6. Let c be i(-5). Suppose 3*o - 2 - c = 0. Suppose -o*a + 0*a + 560 = 0. Calculate the greatest common divisor of 40 and a.
40
Suppose 0 = -4*n - 7 + 87. Suppose -10404 = 439*k - 430*k. Let x = -1086 - k. Calculate the highest common factor of x and n.
10
Let x be -16 + 16/12*45/12. Let d(b) = -b**3 - 11*b**2 - 19*b - 20. Let t be d(x). What is the highest common divisor of t and 21?
21
Suppose 2*b = -g - 187, 6 = 5*g - 9. Let x = -90 - b. Suppose -3*y - 2*d + 262 = 0, -d + 0*d + x = 0. Calculate the highest common factor of 56 and y.
28
Suppose -21*h + 19*h - 3*g + 96 = 0, -3*h - g + 116 = 0. Let f(u) = -39*u + 3. Let k be f(-3). Calculate the greatest common factor of h and k.
12
Suppose 0 = 15*v - 9*v - 162. Let i be (-8 + 2)/((-9)/v). Calculate the highest common factor of i and 2.
2
Let d = -297 - -5785. Calculate the greatest common factor of 147 and d.
49
Suppose 0 = -15*f + 9250 - 1090. Calculate the highest common factor of 340 and f.
68
Let f be (-10)/4*(27/(-13) - 25/(-325)). What is the greatest common factor of 3125 and f?
5
Let m = 184 - 181. Suppose -c = -3*w - 543, -2*c - 8*w + 1031 = -m*w. What is the highest common factor of 48 and c?
48
Let c be 7 + -11 - (6 + -931 - 3). What is the greatest common divisor of c and 264?
132
Suppose -12*m + 5*b + 7794 = -11*m, -15599 = -2*m - b. Calculate the highest common divisor of 11 and m.
11
Let l = -839 - -1334. Suppose 3*p + 156 = 177. Let o(w) = w**2 + 18*w - 130. Let d be o(p). What is the highest common divisor of d and l?
45
Let q = 83 + -83. Suppose q = -4*r - 10 + 106. Calculate the greatest common divisor of 16 and r.
8
Suppose 4*u - x + 2*x = -94, -2*u - 56 = -4*x. Let n be -40*(-3 - 19/(-5)). Let r = u - n. Calculate the highest common divisor of 56 and r.
8
Let y = 2520 - 2312. Calculate the greatest common divisor of y and 299.
13
Suppose -924 = -4*b - 0*b. Suppose 0 = -2*t + 11*t - 315. Suppose t*c = 31*c + 84. What is the greatest common divisor of b and c?
21
Suppose g - 60 = -4*i, -g = -3*i - 26 - 13. Let w be (42 + -51)/((-6)/24). Calculate the greatest common divisor of g and w.
12
Let c = 2701 + -1121. Calculate the highest common factor of c and 30.
10
Let h(q) = -q**3 - q**2 - 3*q + 56. Let r(o) = -5*o + 95. Let t be r(19). Let a be h(t). What is the greatest common factor of a and 7?
7
Let p(i) = 2*i**2 + i. Let r be p(4). Let x = -146 - -150. Suppose -5*b = -z - 11, -x*z + b = -2*b - 7. What is the greatest common factor of r and z?
4
Let d = 27 - -73. Suppose 3*g - 4*f = -5*f + d, 2*g + 4*f = 70. Let i = 36 - g. What is the highest common factor of 24 and i?
3
Let p(d) = d**3 - 55*d**2 - 883*d - 59. Let f be p(68). Calculate the greatest common factor of 1347 and f.
3
Suppose 0 = -4*y + 3*o + 41763, 84*y + 52201 = 89*y - o. What is the highest common divisor of y and 120?
120
Let k(o) = -8*o - 7*o - 3*o**2 + 3*o**3 - 62 - 2*o**2 - 4*o**3 + 10*o. Let y be k(-6). What is the greatest common divisor of 128 and y?
4
Let s be 59 - (150/40)/(15/40). Calculate the highest common divisor of s and 35721.
49
Suppose 3*c - 4*c + 3*s - 12 = 0, 3*c - 3*s = -24. Let a be c/(36/69)*(-8)/2. What is the greatest common divisor of 874 and a?
46
Let p = -29 - -59. Let g(t) = t**3 + 24*t**2 + 34*t + 104. Let k be g(-24). Let n = -702 - k. What is the greatest common divisor of n and p?
10
Let t = 6836 + -6767. What is the highest common factor of t and 33?
3
Let o(j) = 17*j**2 + 39. Let g be o(15). What is the highest common divisor of 138 and g?
138
Let w = 320 - 321. Let n be w - (-1)/1*(-7)/(-1). Calculate the greatest common divisor of n and 14.
2
Suppose 12*s - v = 15*s - 15878, 5*v = -5. What is the greatest common factor of s and 67?
67
Let p be 10/4*((-8)/(-60))/(91/2184). Calculate the highest common factor of 11804 and p.
4
Let s be (12045/40 - 13) + ((-20)/(-32))/(-5). Calculate the highest common divisor of s and 1944.
72
Suppose 1292*g + 72 = 656*g + 648*g. Let a be 4/6 + 104/6. Calculate the greatest common divisor of g and a.
6
Suppose -88 = -5*q + 4*b, 3*b - 2 = -q + 8. Let g(m) = 6*m**2 - 3*m - 7. Let k be g(5). What is the greatest common factor of q and k?
16
Let w(i) = 4*i. Let k be w(2). Suppose 2*b - 2*p = 372, -2*b - 10*p + 370 = -11*p. What is the greatest common factor of k and b?
8
Let v(s) = 13*s**2 - 40*s - 110. Let r be v(-3). Calculate the greatest common divisor of r and 6731.
127
Let i be 27222/(-5)*235/(-94). What is the greatest common divisor of 39 and i?
39
Suppose -341 - 9569 = -5*c. Let s be (c/11)/1 - (-18)/(-99). Calculate the greatest common divisor of 15 and s.
15
Suppose -411*d + 966484 + 13346591 = 0. What is the greatest common divisor of 175 and d?
175
Let w be (-13)/((-39)/10)*(-693)/(-22). Let o = 7 + -7. Suppose 5*r - 3*g - 216 = o, -5*r = -2*g - 3*g - 220. Calculate the highest common factor of r and w.
21
Let h = 1518 + -532. What is the greatest common factor of 102 and h?
34
Let f(v) = 17*v - 2*v**3 + 3*v**3 - 16*v + 7*v**2 + 0*v**2. Let w be f(-3). Calculate the greatest common factor of w and 55.
11
Let h = 143 + -131. Let a be ((-12)/(-3))/(h/54). What is the highest common divisor of a and 441?
9
Suppose 8*a + 3*w = 7*a + 13, 81 = 3*a - 5*w. Suppose -a + 1 = -3*m. Calculate the greatest common divisor of m and 343.
7
Let v(w) = -14*w + 2. Let n be v(-2). Let m be (9 - -1)*408/(-60). Let o be (-2 - -1 - -3)*(m - -78). Calculate the highest common divisor of o and n.
10
Let m = -1033 + 1097. Calculate the greatest common divisor of m and 80.
16
Suppose -1070*z + 141264 = -743*z. Calculate the greatest common divisor of 2538 and z.
54
Suppose 0 = -182*v - 3697 + 14253. What is the highest common factor of v and 12267?
29
Let x(y) = y**2 + 14*y - 3. Let m be x(7). Calculate the highest common factor of m and 1648.
16
Suppose -3*b = -4*l - 75, -2*b = -3*l - 41 - 9. What is the greatest common divisor of b and 13?
1
Let r(l) be the second derivative of -l**4/6 - 7*l**2/2 + 13*l. Let a be r(0). Let t be (12/a)/(0 + (-6)/105). What is the highest common factor of 6 and t?
6
Let n be (3 + (8 - 314/6))/(1/(-27)). Calculate the greatest common divisor of 180 and n.
36
Let z(q) = -3*q**3 - 5*q**2 + 93*q + 490. Let x be z(-6). Calculate the highest common factor of x and 875.
25
Let t = -70 + 98. Suppose -7*v - t + 21 = 0. Let i be 5 - 2 - (v + -6). What is the greatest common divisor of 250 and i?
10
Let k be ((-3455)/(-6) - (-266)/(-114))*(0 - -8). What is the highest common factor of k and 1184?
148
Let d be 686/4*(216/(-14) + 16). Calculate the greatest common factor of 574 and d.
14
Suppose 3*c + 1896 = 7*c. Let y = -396 + c. What is the highest common factor of y and 507?
39
Suppose 47*b = 30*b - 3*y + 970, -68 = -b - 2*y. Suppose x + 2*c - 8 = 62, -x = -2*c - 70. Calculate the highest common divisor of b and x.
14
Let k be ((-2)/5)/(2/(-60)). Suppose 0 = -h + 76 + k. Let c = -126705 - -126749. Calculate the greatest common factor of h and c.
44
Let n be 123 - (8 - 104)/8. Calculate the greatest common divisor of n and 840.
15
Let p = 1161 - 801. Calculate the highest common divisor of p and 160.
40
Let m be (-6)/12*-1 + 26547/6. What is the greatest common divisor of m and 125?
25
Let y be